4
Let d(y) = -y**3 - 7*y**2 - 4. Let q be (-3 - 55/(-44))*(-8)/(-2). Calculate d(q).
-4
Let y be ((80/(-6))/5)/(14/(-21)). Let q(f) = 9*f - 6. Give q(y).
30
Let g(r) be the second derivative of r**5/20 + r**4/3 + r**3/2 + 3*r**2 - 2*r + 4. Let f = -9 + 5. What is g(f)?
-6
Let d = 11 + -12. Let m(a) = -15*a - 2. Let u be m(d). Suppose u = 5*j + 2*z, -4*j - 5*z = -29 + 5. Let s(c) = -5*c**2 - 2*c + 1. Determine s(j).
-6
Let b(z) = -z**3 + 3*z**2 + 4*z + 7. Suppose 16 = -4*l - 3*j, 0*j - 1 = -3*l + j. Let v be (l + 5)*(-25)/(-20). What is b(v)?
-23
Let i(a) be the third derivative of -1/120*a**6 + 1/2*a**3 + 0 - 1/12*a**5 + 0*a + 4*a**2 + 5/24*a**4. Let l = 6 - 12. Give i(l).
9
Let y(z) = z**2 + 13*z - 2. Let o(w) = 2*w + 9. Let l be o(-11). Let v be y(l). Let d(j) = 3 + j**2 + 3*j**2 + 0*j**2 + 2*j**3 + 4*j. Determine d(v).
-5
Let s(n) = 1. Let q(p) = -p**2 - p. Suppose 2*u - 1 = -3*o, -3 = -3*u - u - 5*o. Let a be q(u). Let k(m) = m + 1. Let v(g) = a*k(g) + 7*s(g). What is v(1)?
-5
Let q(s) be the third derivative of s**5/60 - s**4/12 - s**3/2 - 133*s**2. What is q(-2)?
5
Suppose 2*x = 3*a + 1, -2*x = x - 3*a. Suppose 4*l - 2*p - 22 = 0, -3*p = 4*l - 12 - 15. Let i(t) = 2*t**2 + 1 - l*t**3 - t - 3*t**2 - 2. Determine i(x).
5
Let t = 22 - 19. Suppose -t*i - 19 = -5*x, 3*i = -3*x - 1 - 2. Suppose 0*n - x*n + 16 = -4*s, n = s + 3. Let q(r) = r**2 + 3*r - 2. Determine q(s).
8
Let w(a) = -4 + 4012*a + a**2 - 4012*a. Calculate w(3).
5
Let q(r) = r**3 + 11*r**2 + 9 - 2*r - 38 + 11 + 0*r + 12. Determine q(-11).
16
Suppose 33 = 20*o - 27. Let y(q) = 4*q**3 - 5*q**2 - 2*q + 6. Let u(v) = -v**3 + v**2 - 1. Let p(k) = -3*u(k) - y(k). Determine p(o).
-6
Let q be 2*3 + (21 - 21)/(-14). Let c(o) = -o**3 + 6*o**2 + o + 2. What is c(q)?
8
Let r(l) = -94*l + 857. Let f be r(9). Let t(y) = y**3 - 11*y**2 - y + 7. Give t(f).
-4
Let x(p) = -5 - 7 - 8 + 18 - p. Let s(n) = 5*n**3 + 2*n + 1. Let t be s(-1). Give x(t).
4
Let j = -11 + 34. Let f(k) = 2*k - 54. Give f(j).
-8
Let p(r) = -7*r + 3. Let b be p(0). Let k(d) = -2*d**2 - 3*d + 1. What is k(b)?
-26
Let i = 38 + -37. Let q(v) = 2*v - i + 2*v - 7*v - 2*v + v**2. What is q(6)?
5
Let j(m) = 4*m**2 - m - 6*m + 10*m - 5 - 13*m**2 + 15 - m**3. Determine j(-9).
-17
Let z(v) be the second derivative of -7*v**5/120 + 5*v**3/2 + v. Let k(i) be the second derivative of z(i). Calculate k(-2).
14
Let m(o) = o**3 + 7*o**2 + 7. Suppose -206*f - 30 = -201*f. Calculate m(f).
43
Let c(p) = -237*p**2 - 1 + 3*p - 6 + 2*p**3 - 3*p**3 + 242*p**2. Give c(5).
8
Suppose -4*t + 14 = g + 10, 2*g + t = 36. Let i(m) = -24*m**2 - 3 + g*m**2 - m + 4. Suppose -7*f + 4 = -3*f. Give i(f).
-4
Let y(r) be the third derivative of r**5/60 + 3*r**4/8 + 3*r**3/2 - 22*r**2 + 2. Give y(-10).
19
Let j(k) = -11*k**2 - 3 - 4*k + 12*k**2 + 2 + 0. Calculate j(4).
-1
Let r(d) = -1 + 8 - 9 - 6 - 3*d. Calculate r(-9).
19
Let y(x) = -122 - 8*x + 11*x + 112. Determine y(-2).
-16
Suppose -4*s - t = -9*s + 11, 3*t + 18 = 0. Let j(o) be the second derivative of -2*o**3 + o**2/2 - 2*o. Calculate j(s).
-11
Let o be (2 - 28 - -13) + 14. Let n be 2/8 - (-11)/4. Let z(h) = 2*h**2 - 6*h**3 - 2*h**3 - 2*h - 3*h**n + 1. Determine z(o).
-10
Let g(p) = 6*p + 20. Let a(d) = -14*d - 35. Let u(x) = 2*a(x) + 5*g(x). What is u(-13)?
4
Suppose 0 = -5*i - 10, y + 2*i = 3 + 2. Let h be (-2)/(-9) + 34/y. Let d(w) = 5 + h*w**3 - 2*w**3 - w**3 + 4*w**2 - 3*w. What is d(-5)?
-5
Let i(x) = -9 - 8*x - 5*x + 12*x. What is i(-10)?
1
Let x(b) be the third derivative of b**7/420 - b**6/120 + b**4/24 + 2*b**3/3 - 16*b**2. Let t(l) be the first derivative of x(l). Determine t(2).
5
Suppose -4*g = 5*k - 15, -5*k - 5*g + 12 = -k. Suppose 4*q - 22 = -0*q + 2*s, -k*s = 4*q - 7. Let l(v) = -v**2 + 6*v - 2. Give l(q).
6
Let q = -13 + 22. Let i(c) = -8*c**2 - 26 - 24 - 29 + c**3 - 9*c + 73. Calculate i(q).
-6
Let n(y) = -y**2 - 12*y - 13. Let r(q) = 35 + 2*q - 3*q - 36. Let m(t) = -n(t) + 4*r(t). Determine m(-6).
-3
Let z(d) = d**3 - d - 1. Suppose 14*v = 2*v + 12. Let r(a) = -4*a**3 - 4*a - 7. Let y(g) = v*r(g) - 6*z(g). What is y(1)?
-9
Let l(m) = 3. Let b(d) = 4. Let z(q) = -2*b(q) + 3*l(q). Let w(v) = 3*v + 12. Let i(s) = w(s) - 4*z(s). What is i(-7)?
-13
Let i = 1340 + -1336. Let v(s) = -s**3 + 3*s**2 + 5. What is v(i)?
-11
Let m(b) be the first derivative of b**5/60 + b**4/24 + 5*b**3/6 - 47*b**2/2 + 11. Let x(c) be the second derivative of m(c). Give x(0).
5
Let j(r) = -7*r. Let t be 3*(-1)/(-6)*-2. What is j(t)?
7
Let t(n) be the second derivative of n**3/2 + 3*n**2/2 + 18*n. Suppose 0*a = 2*a + 10. Determine t(a).
-12
Let p(u) = u**2 - 3*u + 6. Suppose 2 = q - 2, 23 = i + 5*q. Let s = 7 - i. Determine p(s).
10
Let p(k) = -3*k**2 - 9*k - 6. Let t(a) = -a**2 - 5*a - 3. Let y(b) = 2*p(b) - 5*t(b). Let d be y(6). Let x(n) = n - 14. Determine x(d).
-5
Suppose 0 = 4*a + 3*y - 7 - 1, 3*a + 4*y - 13 = 0. Let o(z) = 12*z**2 - z - 2. Calculate o(a).
11
Let t(c) = c**2 + 9*c - 4. Suppose 5*d = 5*g - 70, 3*g - 8*g - 18 = 3*d. Determine t(d).
18
Suppose 2*x + 2 + 4 = 0. Let r(p) = -11*p. Let y(j) = -56*j. Let b(a) = x*y(a) + 16*r(a). Suppose -11 = 6*z + 6 - 5. Calculate b(z).
16
Let d(h) = -h + 13. Let y = 429 - 412. Give d(y).
-4
Let t(c) = -158 - 2*c + 0*c + 118. Give t(-19).
-2
Let r(c) = c**2 - c. Let v(g) = g**3 - 8*g**2 - 3*g + 12. Let t(w) = -3*r(w) + v(w). What is t(11)?
12
Suppose 6*w = 3*w + 6, -4*y = -w + 22. Suppose -4*t = 2*k - 28, k = 6*t - t - 14. Let p(s) = 6*s**2 - 5 + 5*s**2 + s + s**3 - k*s**2. What is p(y)?
-10
Let n = 0 - -4. Suppose -4*u = 3*i - 10, 2*u - i = 4*u - 6. Suppose -c + n = 3*k - 3*c, -k + u = 2*c. Let t(s) = -2*s**3 + 4*s**2 - 2*s. Calculate t(k).
-4
Let q be 5/(-10) - 333/(-6). Suppose 5*a - 5 = q. Let p = a - 8. Let f(y) = y**2 - 5*y + 1. Give f(p).
-3
Let i(v) = v**3 - 20*v**2 + 3*v + 24. Let g(q) = -5*q**3 + 81*q**2 - 13*q - 95. Let z(d) = -2*g(d) - 9*i(d). Calculate z(-18).
-8
Suppose -2*s = -s, 10 = 5*k - 5*s. Let i(z) = k*z + 7 - 4*z + z + 2*z. Let n = 206 - 213. What is i(n)?
0
Let a(q) = -5*q - 9*q + 2 - 18 + 12*q. Suppose 2*d - 5*r = 13, 5*r + 4 = d - 5. Let m(y) = -3*y - 31. Let v(c) = d*m(c) - 7*a(c). Determine v(8).
4
Let g(y) = y**2 + y - 7. Let d(u) = 4*u**2 + 31*u - 8. Let l be d(-8). Determine g(l).
-7
Let i(k) = -k**2 - k + 1. Let r(z) = -z**2 + 9*z - 12. Let c be r(7). Let v(j) = -j**2 - 5*j + 3. Let l(b) = c*i(b) - v(b). Calculate l(5).
-11
Let p(g) = -g + 19. Let z be p(7). Let t(s) = s**3 - 12*s**2 + 2*s - 10. What is t(z)?
14
Let s(n) = 5*n**3 + 4*n**2 - 5*n + 10. Let i(m) = -m**3 - m**2 + m - 1. Let k(f) = 6*i(f) + s(f). Let l = -25 - -25. Let w be 3/1*(-1 + l). Give k(w).
10
Let u(t) = -t**3 - 8*t**2 + 8*t - 13. Let f be 163/3 + 15/(-45). Let i be ((-64)/12)/(-8)*f/(-4). Determine u(i).
-4
Let u(t) be the first derivative of t**4/4 - 2*t**3/3 - 2*t**2 + 2*t - 154. Determine u(3).
-1
Let p(x) be the second derivative of -x**4/12 - x**3/6 - x. Let u(n) = 3*n**2 + 17*n - 6. Let v be u(-6). Suppose 0 = -3*o - v*o - 12. Determine p(o).
-12
Let c(l) be the second derivative of 2*l**4/3 - l**3/6 - l**2/2 - 2*l. Let q be (1 - 0)/(-49 + 48). Give c(q).
8
Let m = -124 - -404. Let j(r) = m + r - 280 - 5*r**3. What is j(1)?
-4
Let s(p) = 2*p**2 - 10*p - 10. Let b be s(6). Let l(v) = -7 + 22*v**2 + 7*v - 23*v**b + v. Give l(6).
5
Let n(g) be the first derivative of -g**5/20 + 7*g**4/12 - 5*g**3/6 - 4*g**2 - g - 7. Let l(m) be the first derivative of n(m). Determine l(6).
-2
Let y(n) = -5*n - 6. Let p be (1 - 19/4) + 18/(-72). Determine y(p).
14
Suppose n + 10 = 6*n. Suppose -26 = -3*b + 5*z, 4*b - 10 = z + n. Suppose -2*f - 4 = b*f. Let t(w) = w + 1. Determine t(f).
0
Let l(m) be the third derivative of 0*m**3 + 1/120*m**6 - 1/30*m**5 + 0 - 5*m**2 + 0*m - 1/24*m**4. Let t(o) = -o + 1. Let n be t(2). Calculate l(n).
-2
Let g(m) be the first derivative of -m**4/4 + 7*m**3/3 + 2*m - 5. Let b be g(7). Let f(v) = 1 + v**2 - 2*v + 0 - 2*v**b + 2. Give f(-3).
0
Let z(o) = -4*o - 20. Let v(c) = 13*c + 70. Let u(n) = -2*v(n) - 7*z(n). Give u(2).
4
Let g(r) = 8 + 2*r + 5*r + 13*r**3 - 11*r - 15*r. Let o(p) = -7*p**3 + 10*p - 4. Let a(q) = -6*g(q) - 11*o(q). What is a(3)?
-19
Let x(j) = j - 3. Let v be 26/(-4) - 3/6. Let c = v + 7. What is x(c)?
-3
Let l(q) = 0*q**3 +